89*z**2 - 105*z - 1515. Determine h(-90).
-165
Let k(v) = -4082*v + 16320. Give k(4).
-8
Let b(y) = 24979*y + 374672. Determine b(-15).
-13
Let x(l) = -171*l**2 - 161*l + 23. Give x(-1).
13
Let q(b) = -6*b**3 - 311*b**2 + 56*b + 216. Calculate q(-52).
8
Let j(w) = 995*w + 42748. Determine j(-43).
-37
Let a(i) = 7*i**2 + 24*i - 1031. Give a(20).
2249
Let b(i) = 7*i**2 + 763*i + 83. Give b(-109).
83
Let p(x) = -x**3 - 91*x**2 - 98*x - 1833. Give p(-90).
-1113
Let b(r) = 2950*r + 244857. Calculate b(-83).
7
Let c(j) = 190*j - 3323. Give c(8).
-1803
Let m(r) = -25*r**3 - 624*r**2 + 21*r - 18. Calculate m(-25).
82
Let a(i) = i**2 + 342930*i - 1371705. Determine a(4).
31
Let b(t) = 762*t + 1633. What is b(-2)?
109
Let d(l) = -3*l**3 - 124*l**2 - 93*l - 7368. Calculate d(-42).
66
Let b(q) = -1048174*q - 32493399. What is b(-31)?
-5
Let n(m) = -m**3 + 49*m**2 + 110*m - 583. What is n(51)?
-175
Let j(k) = k**3 - 13*k**2 + 34*k + 49. Determine j(-1).
1
Let t(v) = -3*v**3 + 214*v**2 - 1252*v + 1099. Calculate t(65).
-6
Let f(o) = -o**3 + 21*o**2 + 49*o + 325. Calculate f(24).
-227
Let b(r) = 69503*r - 139374. What is b(2)?
-368
Let r(g) = 707*g + 10045. Calculate r(-14).
147
Let a(s) = -s**3 + 137*s**2 + 2266*s - 76. Calculate a(-15).
134
Let z(h) = h**3 - 13*h**2 - 121*h + 31. What is z(17)?
-870
Let c(p) = 52*p - 3637. Determine c(58).
-621
Let s(y) = -312*y + 24340. Calculate s(75).
940
Let i(z) = 96*z + 1499. Calculate i(-5).
1019
Let w(p) = -47*p**2 - 391*p - 734. What is w(-2)?
-140
Let c(j) = -2*j**3 - 557*j**2 - 259*j + 5289. Determine c(-278).
7
Let a(l) = -l**2 - 514*l - 12168. Calculate a(-25).
57
Let q(r) = r**2 + 3906*r + 154620. Calculate q(-40).
-20
Let y(z) = 5*z**3 + 20*z**2 + 86*z + 5. Give y(-6).
-871
Let u(z) = -2280*z - 289323. What is u(-127)?
237
Let v(g) = -2*g**3 - 6*g**2 - 370859*g - 1112573. Determine v(-3).
4
Let t(j) = -2319*j + 1893. Give t(3).
-5064
Let z(i) = -66*i**2 + 14642*i - 112920. Give z(8).
-8
Let k(x) = x**3 + 17*x**2 + 107*x + 1019. Calculate k(-14).
109
Let f(v) = -215*v - 1130. Calculate f(-8).
590
Let r(l) = -63*l**3 + 2*l**2 - 32*l + 29. Give r(1).
-64
Let m(h) = -170814*h - 1024775. Give m(-6).
109
Let k(z) = -2*z**3 - 6*z**2 + 584*z + 349. Determine k(16).
-35
Let k(o) = o**3 + 16*o**2 + 6*o - 221. What is k(-17)?
-612
Let n(l) = 23*l**2 + 99*l + 126. Calculate n(-4).
98
Let l(q) = -3*q**2 + 14128*q - 726552. Determine l(52).
-8
Let b(w) = -w**3 - 122*w**2 + 1146*w + 80885. What is b(-126)?
-7
Let b(r) = -113682*r + 341049. Determine b(3).
3
Let l(i) = -5*i**3 + 41*i**2 - 24*i + 6. Calculate l(11).
-1952
Let j(v) = 719*v + 68097. Give j(-95).
-208
Let j(x) = -975*x**3 - 110*x**2 - 109*x + 2. Give j(-1).
976
Let m(w) = 612*w + 69138. Give m(-113).
-18
Let u(x) = x**3 - 23*x**2 - 3693*x - 2. What is u(-50)?
2148
Let x(h) = h**3 + 4979*h**2 + 222033*h + 146. Determine x(-45).
11
Let w(k) = -2*k**2 - 21430*k - 1828192. Give w(-86).
-4
Let y(f) = 659757*f - 5937817. Give y(9).
-4
Let i(a) = -16732*a - 234025. Give i(-14).
223
Let v(r) = -2512*r**2 - 2675*r - 139. Determine v(-1).
24
Let k(x) = 21537*x - 667660. What is k(31)?
-13
Let z(u) = 117*u - 4229. Determine z(48).
1387
Let g(y) = -297*y - 1129. Determine g(-5).
356
Let a(j) = -j**3 + 128*j**2 - 623*j + 35. What is a(5)?
-5
Let q(f) = 10*f**3 - 8*f**2 - 74*f - 67. Calculate q(-1).
-11
Let w(r) = -r**3 - 261*r**2 + 264*r. Give w(-262).
-524
Let g(u) = u**3 + 29*u**2 - 2644*u - 16687. Give g(-6).
5
Let t(x) = x**3 + 44*x**2 + 306*x - 82. Calculate t(-9).
-1
Let l(o) = 10*o**2 - 127229*o + 127227. Determine l(1).
8
Let x(h) = 4*h**2 - 123*h - 421. What is x(31)?
-390
Let b(p) = -2*p**2 + 183*p + 44297. Determine b(202).
-345
Let m(k) = 2*k**3 + 872*k**2 + 4322*k + 4403. Give m(-431).
-769
Let l(v) = 657*v - 222725. Calculate l(339).
-2
Let c(n) = -285*n - 52557. What is c(-185)?
168
Let p(d) = -15*d**3 - 3*d**2 - 11*d + 4. What is p(-2)?
134
Let x(y) = -2268*y + 27132. Give x(12).
-84
Let g(w) = 2*w**3 + 23*w**2 + 83*w - 24. Give g(-5).
-114
Let t(r) = r**3 + 22*r**2 - 330*r - 7260. What is t(-18)?
-24
Let k(r) = -280562*r - 1122255. Determine k(-4).
-7
Let y(d) = -4880161*d - 19520656. Calculate y(-4).
-12
Let m(f) = -f**2 + 12518*f - 249963. What is m(20)?
-3
Let p(f) = f**2 + 65548*f + 2161993. What is p(-33)?
-2
Let v(g) = -1417432*g - 5669680. Give v(-4).
48
Let k(u) = -1284*u - 254215. Determine k(-198).
17
Let d(u) = 6365*u - 152789. Determine d(24).
-29
Let r(t) = t**3 - 46*t**2 - 865*t - 3468. Determine r(-7).
-10
Let k(a) = -2*a**2 + 5669*a + 265000. Give k(-46).
-6
Let f(b) = -b**2 - 34745*b + 1147662. Calculate f(33).
-12
Let g(n) = -147*n + 243. Calculate g(4).
-345
Let w(q) = 2*q**3 - 493*q**2 - 2466*q + 20. Calculate w(-5).
-225
Let w(k) = 584836*k + 7018026. What is w(-12)?
-6
Let x(p) = -32204*p + 64363. Determine x(2).
-45
Let l(c) = -2*c**3 - 146*c**2 + 228*c - 5409. What is l(-75)?
-9
Let c(t) = 584*t**3 - 828*t**2 + t - 2. Give c(2).
1360
Let k(o) = -35*o**2 + 152*o + 511. What is k(-3)?
-260
Let c(i) = -i**3 - 629*i**2 - 4430*i + 44. Determine c(-7).
576
Let q(z) = -18*z + 311. Give q(9).
149
Let b(j) = 14*j**3 - 35*j**2 - j - 12. Give b(3).
48
Let t(s) = 820*s + 390. Calculate t(1).
1210
Let p(o) = -2*o**3 + 25*o**2 + 89*o - 201. What is p(15)?
9
Let v(x) = -107*x - 104. Determine v(5).
-639
Let j(p) = 219754*p - 8130895. Determine j(37).
3
Let n(w) = -130332*w + 260805. What is n(2)?
141
Let p(w) = 2*w**3 - 33*w**2 - 2255*w + 38044. Give p(17).
-2
Let w(d) = -3*d**2 + 114*d - 1094. Calculate w(20).
-14
Let b(f) = -12*f**2 - 554*f + 14. Calculate b(0).
14
Let g(y) = y**2 + 3045*y - 12191. Determine g(4).
5
Let v(i) = -i**3 - 11*i**2 + 256*i + 2493. What is v(-9)?
27
Let h(d) = d**2 + 12930*d - 466686. Give h(36).
90
Let j(u) = 2*u**3 + 256*u**2 + 997*u + 561. Determine j(-124).
-59
Let q(j) = -1249*j**2 + 779*j + 4. What is q(2)?
-3434
Let g(z) = -2829*z + 5635. Calculate g(2).
-23
Let s(t) = t**3 - 34*t**2 + 324*t - 800. Calculate s(20).
80
Let i(n) = 60*n**2 + 2023*n + 6. Calculate i(-34).
584
Let r(j) = -5903*j - 35060. Give r(-6).
358
Let z(o) = 3*o**2 + 116*o + 63. Determine z(-19).
-1058
Let p(g) = -229*g - 7485. Give p(-35).
530
Let v(o) = -2707*o - 89135. What is v(-33)?
196
Let j(o) = -45710*o + 228545. Give j(5).
-5
Let g(s) = 2*s**3 - 619*s**2 + 574*s + 47. What is g(1)?
4
Let i(d) = -2*d**3 - 118*d**2 + 43*d + 704. Determine i(-59).
-1833
Let t(m) = 6*m**2 + 28*m - 259. Calculate t(-9).
-25
Let w(k) = 485201*k + 13585618. What is w(-28)?
-10
Let u(a) = -282412*a + 7625134. Give u(27).
10
Let f(g) = g**2 + 38*g - 222. Calculate f(-51).
441
Let m(t) = -5*t**2 + 96*t - 1217. What is m(28)?
-2449
Let u(d) = 769966*d + 3849832. What is u(-5)?
2
Let f(w) = 257*w - 41464. Give f(171).
2483
Let i(t) = -7*t - 56. Calculate i(-25).
119
Let r(m) = 1390*m - 669976. Give r(482).
4
Let r(q) = 90223*q + 180555. Calculate r(-2).
109
Let z(g) = 30*g**2 + 2005*g + 71. What is z(-67)?
406
Let g(s) = -10*s**2 + 154*s - 348. What is g(14)?
-152
Let t(j) = -7*j**2 + 407*j - 3362. Give t(10).
8
Let x(m) = -52695*m - 105326. What is x(-2)?
64
Let i(n) = -2*n**3 - 72*n**2 + 226*n + 7574. What is i(-36)?
-562
Let w(f) = -11060*f - 14942066. What is w(-1351)?
-6
Let n(s) = -38*s + 921. Determine n(26).
-67
Let x(d) = 6*d**3 + 333*d**2 + 1960*d + 15499. What is x(-50)?
-1
Let c(d) = 8335*d - 2067068. Determine c(248).
12
Let h(p) = -22*p**2 - 945*p - 1770. Determine h(-41).
-7
Let o(w) = 3*w**2 + 151*w - 2660. What is o(16)?
524
Let v(s) = 3*s**3 + 651*s**2 - 660*s - 1579. What is v(-218)?
-271
Let x(b) = -2*b**3 + 9*b**2 - 37*b + 52. Calculate x(6).
-278
Let f(p) = 10*p**2 + 810*p + 3076. What is f(-4)?
-4
Let a(x) = -x**2 + 41480*x + 5576266. Determine a(-134).
-10
Let g(f) = 83*f + 268. What is g(-1)?
185
Let s(b) = -2*b**3 + 27*b**2 + 963*b - 13776. Calculate s(15).
-6
Let x(h) = h**3 + 23*h**2 + 52*h + 32. Calculate x(-14).
1068
Let g(q) = 2510710*q - 5021422. Calculate g(2).
-2
Let u(q) = -q**2 + 119*q + 3069. Give u(144).
-531
Let u(o) = 9*o - 3686. Give u(206).
-1832
Let u(c) = -c**2 + 667*c + 13791. What is u(-20)?
51
Let v(w) = -w**3 + 367*w**2 - 11905*w - 3629. Give v(331).
12
Let s(d) = -6*d**3 - 3*d**2 - 42*d - 256. Determine s(-3).
5